36. What is j(-12)?
96
Let p(k) = k**2 + 13*k - 14721. What is p(-128)?
-1
Let y(x) = -1195*x + 4448. Give y(4).
-332
Let j(q) = -8*q**2 - 112*q - 218. Give j(-2).
-26
Let b(j) = -599*j - 599. What is b(-1)?
0
Let k(v) = -v**2 - 24*v - 43. Calculate k(-3).
20
Let m(g) = 37*g + 4703. Give m(-127).
4
Let c(t) = t**3 - 54*t**2 + 58*t - 126. Calculate c(53).
139
Let q(c) = 12*c - 555. Determine q(47).
9
Let c(w) = -1872*w - 33668. What is c(-18)?
28
Let y(r) = -196*r + 61. What is y(0)?
61
Let l(g) = -4*g**2 - 4*g - 7. Calculate l(-5).
-87
Let b(t) = -9*t**3 + 5*t**2 + 5*t - 3. Calculate b(2).
-45
Let x(v) = -19*v + 292. Calculate x(24).
-164
Let f(k) = -24*k**3 + 3*k**2 + 6*k - 7. What is f(1)?
-22
Let q(k) = -535*k**2 - 16*k + 18. What is q(1)?
-533
Let x(k) = -17*k + 102. Give x(-30).
612
Let r(u) = -5*u**3 - 79*u**2 - 308*u - 5. Calculate r(-8).
-37
Let y(k) = 6*k**3 + k**2 - 2*k - 1. What is y(3)?
164
Let w(y) = y**3 - 114*y**2 + 1132*y + 9. What is w(11)?
-2
Let q(d) = -d**2 - 37*d - 155. Determine q(-29).
77
Let n(l) = 3*l**2 - 123*l + 4. Calculate n(41).
4
Let d(x) = 9*x**2 - 9*x - 2. Give d(2).
16
Let k(l) = 215*l - 2787. What is k(13)?
8
Let c(y) = y**3 - 20*y**2 + 53*y + 101. What is c(5)?
-9
Let t(g) = g**2 + 31*g + 88. Calculate t(-18).
-146
Let h(z) = -z**3 + z**2 + 10*z - 7. What is h(0)?
-7
Let x(d) = -17*d + 12. Give x(0).
12
Let c(u) = 4*u**2 + 7*u + 9. Calculate c(6).
195
Let d(j) = j**3 + 10*j**2 - 34*j + 52. Calculate d(-13).
-13
Let b(u) = 2*u**2 - 1166*u + 5787. Determine b(5).
7
Let q(m) = 510*m - 35688. What is q(70)?
12
Let f(g) = -86798*g - 433985. What is f(-5)?
5
Let b(g) = 4182*g - 16830. Calculate b(4).
-102
Let d(b) = 6*b - 256. Determine d(56).
80
Let f(a) = -a**3 - 8*a**2 - 368*a - 2531. Give f(-7).
-4
Let k(s) = 79*s**2 - 4911*s + 811. What is k(62)?
5
Let x(v) = 33*v**2 + 331*v + 2. Determine x(-10).
-8
Let t(r) = 2*r**2 + 183*r - 5408. Determine t(-115).
-3
Let n(s) = -12*s**3 - 30*s**2 + 31*s. Give n(1).
-11
Let k(q) = -2*q**2 + 103*q + 7701. Calculate k(93).
-18
Let i(f) = -f**3 + 59*f**2 - 365*f + 4. Calculate i(52).
-48
Let k(y) = 8*y**2 + 86*y - 87. What is k(-12)?
33
Let t(j) = -826*j + 10747. What is t(13)?
9
Let z(t) = t**3 - 6*t**2 + 9*t - 5. Calculate z(4).
-1
Let t(j) = 85*j + 203. What is t(-2)?
33
Let i(v) = v**3 + 16*v**2 - 60*v + 28. Calculate i(-19).
85
Let t(o) = -o**2 + 54*o + 1254. Calculate t(-18).
-42
Let w(u) = -14*u**2 + 10*u - 36. Calculate w(7).
-652
Let o(b) = b**2 - 66*b - 194. Determine o(69).
13
Let r(q) = 11561*q + 92507. Calculate r(-8).
19
Let n(c) = 2*c**2 + 91*c + 748. What is n(-35)?
13
Let h(g) = g**3 - 19*g**2 + 62*g - 7. What is h(4)?
1
Let s(i) = 5648*i + 11. Determine s(0).
11
Let l(b) = -6*b**2 + 139*b - 793. Determine l(14).
-23
Let b(g) = -6*g**2 + 63*g + 18. What is b(11)?
-15
Let p(o) = -o**3 + 126*o**2 - 243*o - 624. Determine p(124).
-4
Let c(n) = -3*n**3 - 28*n**2 + 119*n - 31. What is c(5)?
-511
Let d(q) = -q**2 - 212*q + 213. Determine d(1).
0
Let z(i) = -37*i**3 + 294*i**2 + 3*i + 27. Give z(8).
-77
Let f(n) = 2*n - 52. Calculate f(-5).
-62
Let u(c) = -c**3 + 102*c**2 - 397*c + 525. Calculate u(98).
35
Let h(n) = -68*n - 3928. What is h(-58)?
16
Let f(g) = g**3 - 213*g**2 - 196*g - 3850. Give f(214).
2
Let w(y) = y**3 + 11*y**2 + 10*y - 94. Calculate w(-9).
-22
Let i(w) = -w**2 + 17*w + 230. Give i(-8).
30
Let t(v) = v**3 - 13*v**2 - 7*v + 4. Determine t(9).
-383
Let z(p) = -p**3 + 9*p**2 - 4*p - 8. Calculate z(11).
-294
Let c(q) = -q**2 - 198*q - 8356. Calculate c(-137).
1
Let l(r) = -170*r + 17. Calculate l(2).
-323
Let t(o) = 48*o + 9. Determine t(-5).
-231
Let a(p) = 10*p**2 - 8*p + 23. What is a(3)?
89
Let d(z) = -517*z + 561. Determine d(1).
44
Let a(w) = w**2 - 126*w - 2282. Determine a(-16).
-10
Let g(z) = 112*z**3 - 8*z - 9. Determine g(-1).
-113
Let n(b) = b**3 + 7*b**2 + 4*b + 581. Give n(0).
581
Let x(q) = -364*q - 4807. Determine x(-13).
-75
Let f(y) = y**3 + 8*y**2 - 51*y - 200. Determine f(-4).
68
Let z(r) = r**3 + 8*r**2 - 55*r - 401. What is z(-7)?
33
Let t(n) = n**3 + 35*n**2 - 197*n + 125. What is t(-40)?
5
Let y(x) = -134*x - 11010. What is y(-82)?
-22
Let t(j) = 5*j**2 + 119*j + 375. What is t(-20)?
-5
Let u(b) = -13*b**2 + 271*b - 22. What is u(21)?
-64
Let z(h) = -h**2 + 34*h + 2854. Give z(-39).
7
Let l(w) = 93*w - 67. What is l(-6)?
-625
Let s(v) = v**2 + 107*v + 966. Calculate s(-10).
-4
Let r(a) = a**3 - 173*a**2 - 1642*a + 727. Determine r(182).
-1
Let d(u) = -53*u + 578. Determine d(11).
-5
Let s(n) = -n**3 + 10*n**2 - 32*n + 29. Calculate s(11).
-444
Let b(v) = -v**3 + 80*v**2 + 801*v + 1. Determine b(-9).
1
Let o(i) = -10*i - 13. Give o(-13).
117
Let p(r) = 3*r**3 + 78*r**2 + r + 19. Determine p(-26).
-7
Let m(z) = z**3 + 4*z**2 - 12*z - 73. Give m(-4).
-25
Let x(b) = 32*b**2 - 25*b + 52. What is x(2)?
130
Let b(v) = -2*v**3 - 48*v**2 - 115*v - 595. Give b(-22).
-1
Let h(u) = -145*u + 1288. Give h(9).
-17
Let y(n) = 2*n**2 + 53*n + 573. What is y(0)?
573
Let q(k) = -7*k**2 - 68*k - 27. Determine q(-9).
18
Let l(h) = -h**2 - 192*h - 4785. Calculate l(-30).
75
Let i(x) = -487*x + 20938. What is i(43)?
-3
Let n(w) = w**2 - 48*w + 133. Calculate n(4).
-43
Let x(t) = -5*t**2 - 708*t - 3158. Give x(-137).
-7
Let w(f) = 2*f**2 - 15*f + 37. Determine w(-8).
285
Let x(l) = l**3 - 121*l**2 - 500*l - 208. Give x(125).
-208
Let w(a) = 2*a**2 - 36*a + 195. Give w(12).
51
Let s(i) = -3*i**2 - 290*i - 1885. Calculate s(-7).
-2
Let n(u) = -5*u**3 - 2*u**2 - 2*u - 9. Give n(-3).
114
Let n(r) = 5*r**2 + 48*r - 162. Determine n(3).
27
Let p(m) = -561*m + 100414. Determine p(179).
-5
Let s(p) = 36*p - 254. What is s(8)?
34
Let b(q) = -q**2 + 493*q - 9857. What is b(21)?
55
Let r(d) = d**3 + 9*d**2 + 14*d - 37. Determine r(-5).
-7
Let b(a) = -a**3 + 3*a**2 + 341*a + 3. Determine b(20).
23
Let p(f) = 25*f + 655. Calculate p(23).
1230
Let g(r) = -r**2 + 13*r + 5. Determine g(13).
5
Let a(p) = 14*p - 41. Determine a(5).
29
Let k(x) = -6*x + 154. What is k(-24)?
298
Let z(g) = g**2 + 15*g + 16. What is z(-10)?
-34
Let o(g) = -g**3 + 44*g**2 + 181*g + 539. Determine o(48).
11
Let s(g) = 133*g + 1458. What is s(-12)?
-138
Let y(i) = -17*i**2 + 80*i + 60. Give y(5).
35
Let f(x) = -4*x**2 + 271*x + 50. Calculate f(68).
-18
Let a(y) = -y**2 + 85*y - 1001. Determine a(14).
-7
Let k(t) = -t**2 - 52*t + 217. Calculate k(4).
-7
Let g(c) = 8*c + 14. Give g(-3).
-10
Let d(c) = c**2 - 4*c - 129. Calculate d(14).
11
Let v(h) = h**3 - 9*h**2 - 361*h - 14. Give v(-15).
1
Let a(y) = 57*y - 1540. Calculate a(27).
-1
Let p(c) = c**3 + 28*c**2 + 96*c - 50. Give p(-24).
-50
Let r(q) = 2*q - 24. Give r(-2).
-28
Let j(o) = -10*o**2 + 181*o + 38. What is j(9)?
857
Let o(h) = 2*h**3 + 152*h**2 + 2*h + 78. What is o(-76)?
-74
Let d(x) = 47*x**2 + 12*x + 13. Calculate d(-1).
48
Let j(m) = 16*m + 2085. Give j(-129).
21
Let x(b) = -378*b - 19266. Calculate x(-51).
12
Let a(m) = -14*m**3 + 2*m**2 - 6. What is a(2)?
-110
Let x(t) = -t**3 - 5*t**2 + 70*t - 14. What is x(6)?
10
Let o(a) = -a**3 + 3*a**2 - 2*a - 61. Calculate o(0).
-61
Let i(d) = -d**3 + 11*d**2 - 5*d + 65. Determine i(11).
10
Let o(n) = -n**3 + 7*n**2 + 13*n - 10. Calculate o(8).
30
Let h(d) = -3*d**3 - 2*d**2 + 141*d + 143. Determine h(-1).
3
Let l(p) = p**2 - 32*p + 44. Give l(33).
77
Let w(l) = -105*l**2 + 40*l - 40. Determine w(1).
-105
Let i(h) = 10*h**2 - 3*h + 31. What is i(3)?
112
Let p(r) = 13*r**2 - 48*r - 5. Give p(-5).
560
Let v(w) = -6*w - 17. Calculate v(32).
-209
Let g(t) = t**3 - t - 394. Determine g(0).
-394
Let u(x) = -2665*x - 2672. Calculate u(-1).
-7
Let j(n) = 3*n - 1. Calculate j(-17).
-52
Let v(g) = -4*g**2 - 170*g + 69. Calculate v(-43).
-17
Let r(u) = 4*u**2 + 9*u + 10. Calculate r(-7).
143
Let c(l) = -2*l**2 - 21*l + 21. Calculate c(1).
-2
Let a(r) = -111*r + 3422. Determine a(33).
-241
Let s(p) = 78*p**2 - 247*p + 5. Give s(3).
-34
Let r(c) = 28*c + 1532. What is r(-64)?
-260
Let q(y) = 109*y - 1279. Determine q(12).
29
Let b(q) = q**2 - 98*q + 1370. Calculate b(17).
-7
Let a(q) = 8*q**2 + 128*q + 7. Give a(-14).
-217
Let m(g) = 3*g**3 - 56*g**2 - 19*g - 2. Determine m(19).
-2
Let t(z) = -z**3 + 27*z**2 - 192*z + 4337. What is t(26)?
21
Let o(f) = 2*f**2 + 16*f + 38. Determine o(-20).
51